{"id":110,"date":"2020-09-07T12:00:41","date_gmt":"2020-09-07T10:00:41","guid":{"rendered":"http:\/\/www.chesi.it\/?page_id=110"},"modified":"2020-09-07T16:54:29","modified_gmt":"2020-09-07T14:54:29","slug":"noleggio-operativo","status":"publish","type":"page","link":"http:\/\/www.chesi.it\/?page_id=110","title":{"rendered":"Noleggio operativo"},"content":{"rendered":"\n<h4>Che cos&#8217;\u00e8 il noleggio operativo?<\/h4>\n\n\n\n<p>E&#8217; la soluzione ideale per chi sceglie un \u201cpay for use\u201d senza essere proprietari dei beni scelti. Il noleggio operativo \u00e8 un\u2019operazione a medio o lungo termine. Si adatta a tutti i Clienti che hanno la necessit\u00e0 di usufruire di un sistema di comunicazione e collaborazione per la propria azienda, senza, per\u00f2, dover acquistare le apparecchiature necessarie. In questo modo \u00e8 possibile risolvere senza pensieri alcune problematiche e criticit\u00e0 relative alla dotazione di prodotti ad elevata obsolescenza.<\/p>\n\n\n\n<h4>Quali sono i vantaggi del noleggio operativo?<\/h4>\n\n\n\n<p>Il noleggio operativo unisce il beneficio del pagamento dilazionato nel tempo alla disponibilit\u00e0 immediata di beni che sono costantemente aggiornati dal punto di vista tecnologico e quindi sempre all\u2019avanguardia. Questo si traduce nella possibilit\u00e0 del cliente di adeguare i propri apparati secondo diverse e variabili esigenze, garantendo un ammortamento abbreviato dei beni stessi e nessun rischio di obsolescenza a proprio carico con, di pari passo, una pi\u00f9 precisa pianificazione dei costi aziendali.<\/p>\n\n\n\n<h4>Che cosa succede alla fine del contratto?<\/h4>\n\n\n\n<p>Alla fine del noleggio operativo il cliente ha la facolt\u00e0 di:<\/p>\n\n\n\n<ul><li>sostituire l&#8217;apparecchiatura con un nuovo prodotto<\/li><li>prolungare il noleggio, mantenendo l&#8217;apparecchiatura<\/li><li>rendere l&#8217;apparecchiatura sempre efficiente con l&#8217;assistenza incorporata<\/li><\/ul>\n\n\n\n<p><\/p>\n","protected":false},"excerpt":{"rendered":"<p>Che cos&#8217;\u00e8 il noleggio operativo? E&#8217; la soluzione ideale per chi sceglie un \u201cpay for use\u201d senza essere proprietari dei beni scelti. Il noleggio operativo \u00e8 un\u2019operazione a medio o lungo termine. Si adatta a tutti i Clienti che hanno la necessit\u00e0 di usufruire di un sistema di comunicazione e collaborazione per la propria azienda, &hellip; <\/p>\n<p class=\"link-more\"><a href=\"http:\/\/www.chesi.it\/?page_id=110\" class=\"more-link\">Leggi tutto<span class=\"screen-reader-text\"> &#8220;Noleggio operativo&#8221;<\/span><\/a><\/p>\n","protected":false},"author":1,"featured_media":168,"parent":0,"menu_order":0,"comment_status":"closed","ping_status":"closed","template":"","meta":[],"_links":{"self":[{"href":"http:\/\/www.chesi.it\/index.php?rest_route=\/wp\/v2\/pages\/110"}],"collection":[{"href":"http:\/\/www.chesi.it\/index.php?rest_route=\/wp\/v2\/pages"}],"about":[{"href":"http:\/\/www.chesi.it\/index.php?rest_route=\/wp\/v2\/types\/page"}],"author":[{"embeddable":true,"href":"http:\/\/www.chesi.it\/index.php?rest_route=\/wp\/v2\/users\/1"}],"replies":[{"embeddable":true,"href":"http:\/\/www.chesi.it\/index.php?rest_route=%2Fwp%2Fv2%2Fcomments&post=110"}],"version-history":[{"count":7,"href":"http:\/\/www.chesi.it\/index.php?rest_route=\/wp\/v2\/pages\/110\/revisions"}],"predecessor-version":[{"id":143,"href":"http:\/\/www.chesi.it\/index.php?rest_route=\/wp\/v2\/pages\/110\/revisions\/143"}],"wp:featuredmedia":[{"embeddable":true,"href":"http:\/\/www.chesi.it\/index.php?rest_route=\/wp\/v2\/media\/168"}],"wp:attachment":[{"href":"http:\/\/www.chesi.it\/index.php?rest_route=%2Fwp%2Fv2%2Fmedia&parent=110"}],"curies":[{"name":"wp","href":"https:\/\/api.w.org\/{rel}","templated":true}]}}